{"id":235,"date":"2022-06-15T13:46:40","date_gmt":"2022-06-15T11:46:40","guid":{"rendered":"https:\/\/turc-export.fr\/?page_id=235"},"modified":"2022-06-30T13:39:05","modified_gmt":"2022-06-30T11:39:05","slug":"galerie-photo","status":"publish","type":"page","link":"https:\/\/turc-export.fr\/index.php\/galerie-photo\/","title":{"rendered":"Galerie Photo"},"content":{"rendered":"\n<div class=\"wp-block-columns is-layout-flex wp-container-core-columns-is-layout-9d6595d7 wp-block-columns-is-layout-flex\">\n<div class=\"wp-block-column is-layout-flow wp-block-column-is-layout-flow\"><\/div>\n<\/div>\n\n\n\n<div class=\"wp-block-group has-small-font-size\"><div class=\"wp-block-group__inner-container is-layout-flow wp-block-group-is-layout-flow\">\n<figure class=\"wp-block-gallery has-nested-images columns-default is-cropped wp-block-gallery-1 is-layout-flex wp-block-gallery-is-layout-flex\">\n<figure class=\"wp-block-image size-large\"><img loading=\"lazy\" decoding=\"async\" width=\"1024\" height=\"724\" data-id=\"357\" src=\"https:\/\/turc-export.fr\/wp-content\/uploads\/2022\/06\/a-1024x724.png\" alt=\"Galerie photo : Fa\u00e7ade du site d'Ambronay\" class=\"wp-image-357\" srcset=\"https:\/\/turc-export.fr\/wp-content\/uploads\/2022\/06\/a-1024x724.png 1024w, https:\/\/turc-export.fr\/wp-content\/uploads\/2022\/06\/a-300x212.png 300w, https:\/\/turc-export.fr\/wp-content\/uploads\/2022\/06\/a-768x543.png 768w, https:\/\/turc-export.fr\/wp-content\/uploads\/2022\/06\/a-1536x1086.png 1536w, https:\/\/turc-export.fr\/wp-content\/uploads\/2022\/06\/a-2048x1448.png 2048w\" sizes=\"auto, (max-width: 1024px) 100vw, 1024px\" \/><figcaption>Fa\u00e7ade du site d&rsquo;Ambronay<\/figcaption><\/figure>\n\n\n\n<figure class=\"wp-block-image size-large is-style-default\"><img loading=\"lazy\" decoding=\"async\" width=\"1024\" height=\"768\" data-id=\"374\" src=\"https:\/\/turc-export.fr\/wp-content\/uploads\/2022\/06\/b-1-1024x768.jpg\" alt=\"Galerie photo : \u00c9tablissement d'h\u00e9bergement\" class=\"wp-image-374\" srcset=\"https:\/\/turc-export.fr\/wp-content\/uploads\/2022\/06\/b-1-1024x768.jpg 1024w, https:\/\/turc-export.fr\/wp-content\/uploads\/2022\/06\/b-1-300x225.jpg 300w, https:\/\/turc-export.fr\/wp-content\/uploads\/2022\/06\/b-1-768x576.jpg 768w, https:\/\/turc-export.fr\/wp-content\/uploads\/2022\/06\/b-1-1536x1152.jpg 1536w, https:\/\/turc-export.fr\/wp-content\/uploads\/2022\/06\/b-1-2048x1536.jpg 2048w\" sizes=\"auto, (max-width: 1024px) 100vw, 1024px\" \/><figcaption>\u00c9tablissement d&rsquo;h\u00e9bergement<\/figcaption><\/figure>\n\n\n\n<figure class=\"wp-block-image size-large\"><img loading=\"lazy\" decoding=\"async\" width=\"1024\" height=\"768\" data-id=\"375\" src=\"https:\/\/turc-export.fr\/wp-content\/uploads\/2022\/06\/c-1-1024x768.jpg\" alt=\"Galerie photo : Hangar du site\" class=\"wp-image-375\" srcset=\"https:\/\/turc-export.fr\/wp-content\/uploads\/2022\/06\/c-1-1024x768.jpg 1024w, https:\/\/turc-export.fr\/wp-content\/uploads\/2022\/06\/c-1-300x225.jpg 300w, https:\/\/turc-export.fr\/wp-content\/uploads\/2022\/06\/c-1-768x576.jpg 768w, https:\/\/turc-export.fr\/wp-content\/uploads\/2022\/06\/c-1-1536x1152.jpg 1536w, https:\/\/turc-export.fr\/wp-content\/uploads\/2022\/06\/c-1-2048x1536.jpg 2048w\" sizes=\"auto, (max-width: 1024px) 100vw, 1024px\" \/><figcaption>Hangar du site<\/figcaption><\/figure>\n\n\n\n<figure class=\"wp-block-image size-large\"><img loading=\"lazy\" decoding=\"async\" width=\"1024\" height=\"768\" data-id=\"376\" src=\"https:\/\/turc-export.fr\/wp-content\/uploads\/2022\/06\/d-1-1024x768.jpg\" alt=\"Galerie photo : Espaces ext\u00e9rieurs\" class=\"wp-image-376\" srcset=\"https:\/\/turc-export.fr\/wp-content\/uploads\/2022\/06\/d-1-1024x768.jpg 1024w, https:\/\/turc-export.fr\/wp-content\/uploads\/2022\/06\/d-1-300x225.jpg 300w, https:\/\/turc-export.fr\/wp-content\/uploads\/2022\/06\/d-1-768x576.jpg 768w, https:\/\/turc-export.fr\/wp-content\/uploads\/2022\/06\/d-1-1536x1152.jpg 1536w, https:\/\/turc-export.fr\/wp-content\/uploads\/2022\/06\/d-1-2048x1536.jpg 2048w\" sizes=\"auto, (max-width: 1024px) 100vw, 1024px\" \/><figcaption>Espaces ext\u00e9rieurs<\/figcaption><\/figure>\n\n\n\n<figure class=\"wp-block-image size-large\"><img loading=\"lazy\" decoding=\"async\" width=\"1024\" height=\"768\" data-id=\"377\" src=\"https:\/\/turc-export.fr\/wp-content\/uploads\/2022\/06\/e-1-1024x768.jpg\" alt=\"Galerie photo : Espaces ext\u00e9rieurs\" class=\"wp-image-377\" srcset=\"https:\/\/turc-export.fr\/wp-content\/uploads\/2022\/06\/e-1-1024x768.jpg 1024w, https:\/\/turc-export.fr\/wp-content\/uploads\/2022\/06\/e-1-300x225.jpg 300w, https:\/\/turc-export.fr\/wp-content\/uploads\/2022\/06\/e-1-768x576.jpg 768w, https:\/\/turc-export.fr\/wp-content\/uploads\/2022\/06\/e-1-1536x1152.jpg 1536w, https:\/\/turc-export.fr\/wp-content\/uploads\/2022\/06\/e-1-2048x1536.jpg 2048w\" sizes=\"auto, (max-width: 1024px) 100vw, 1024px\" \/><figcaption>Espaces ext\u00e9rieurs<\/figcaption><\/figure>\n\n\n\n<figure class=\"wp-block-image size-large\"><img loading=\"lazy\" decoding=\"async\" width=\"1024\" height=\"768\" data-id=\"371\" src=\"https:\/\/turc-export.fr\/wp-content\/uploads\/2022\/06\/f-1024x768.jpg\" alt=\"Galerie photo : Espaces ext\u00e9rieurs\" class=\"wp-image-371\" srcset=\"https:\/\/turc-export.fr\/wp-content\/uploads\/2022\/06\/f-1024x768.jpg 1024w, https:\/\/turc-export.fr\/wp-content\/uploads\/2022\/06\/f-300x225.jpg 300w, https:\/\/turc-export.fr\/wp-content\/uploads\/2022\/06\/f-768x576.jpg 768w, https:\/\/turc-export.fr\/wp-content\/uploads\/2022\/06\/f-1536x1152.jpg 1536w, https:\/\/turc-export.fr\/wp-content\/uploads\/2022\/06\/f-2048x1536.jpg 2048w\" sizes=\"auto, (max-width: 1024px) 100vw, 1024px\" \/><figcaption>Espaces ext\u00e9rieurs<\/figcaption><\/figure>\n\n\n\n<figure class=\"wp-block-image size-large\"><img loading=\"lazy\" decoding=\"async\" width=\"1024\" height=\"768\" data-id=\"372\" src=\"https:\/\/turc-export.fr\/wp-content\/uploads\/2022\/06\/g-1024x768.jpg\" alt=\"Galerie photo : Espaces ext\u00e9rieurs\" class=\"wp-image-372\" srcset=\"https:\/\/turc-export.fr\/wp-content\/uploads\/2022\/06\/g-1024x768.jpg 1024w, https:\/\/turc-export.fr\/wp-content\/uploads\/2022\/06\/g-300x225.jpg 300w, https:\/\/turc-export.fr\/wp-content\/uploads\/2022\/06\/g-768x576.jpg 768w, https:\/\/turc-export.fr\/wp-content\/uploads\/2022\/06\/g-1536x1152.jpg 1536w, https:\/\/turc-export.fr\/wp-content\/uploads\/2022\/06\/g-2048x1536.jpg 2048w\" sizes=\"auto, (max-width: 1024px) 100vw, 1024px\" \/><figcaption>Espaces ext\u00e9rieurs<\/figcaption><\/figure>\n\n\n\n<figure class=\"wp-block-image size-large\"><img loading=\"lazy\" decoding=\"async\" width=\"1024\" height=\"768\" data-id=\"378\" src=\"https:\/\/turc-export.fr\/wp-content\/uploads\/2022\/06\/h-1-1024x768.jpg\" alt=\"Galerie photo : Espaces ext\u00e9rieurs\" class=\"wp-image-378\" srcset=\"https:\/\/turc-export.fr\/wp-content\/uploads\/2022\/06\/h-1-1024x768.jpg 1024w, https:\/\/turc-export.fr\/wp-content\/uploads\/2022\/06\/h-1-300x225.jpg 300w, https:\/\/turc-export.fr\/wp-content\/uploads\/2022\/06\/h-1-768x576.jpg 768w, https:\/\/turc-export.fr\/wp-content\/uploads\/2022\/06\/h-1-1536x1152.jpg 1536w, https:\/\/turc-export.fr\/wp-content\/uploads\/2022\/06\/h-1-2048x1536.jpg 2048w\" sizes=\"auto, (max-width: 1024px) 100vw, 1024px\" \/><figcaption>Espaces ext\u00e9rieurs<\/figcaption><\/figure>\n\n\n\n<figure class=\"wp-block-image size-large\"><img loading=\"lazy\" decoding=\"async\" width=\"1024\" height=\"768\" data-id=\"379\" src=\"https:\/\/turc-export.fr\/wp-content\/uploads\/2022\/06\/i-1-1024x768.jpg\" alt=\"Galerie photo : Infrastructures internes\" class=\"wp-image-379\" srcset=\"https:\/\/turc-export.fr\/wp-content\/uploads\/2022\/06\/i-1-1024x768.jpg 1024w, https:\/\/turc-export.fr\/wp-content\/uploads\/2022\/06\/i-1-300x225.jpg 300w, https:\/\/turc-export.fr\/wp-content\/uploads\/2022\/06\/i-1-768x576.jpg 768w, https:\/\/turc-export.fr\/wp-content\/uploads\/2022\/06\/i-1-1536x1152.jpg 1536w, https:\/\/turc-export.fr\/wp-content\/uploads\/2022\/06\/i-1-2048x1536.jpg 2048w\" sizes=\"auto, (max-width: 1024px) 100vw, 1024px\" \/><figcaption>Infrastructures internes<\/figcaption><\/figure>\n\n\n\n<figure class=\"wp-block-image size-large\"><img loading=\"lazy\" decoding=\"async\" width=\"1024\" height=\"768\" data-id=\"380\" src=\"https:\/\/turc-export.fr\/wp-content\/uploads\/2022\/06\/j-1-1024x768.jpg\" alt=\"Galerie photo : Infrastructures internes\" class=\"wp-image-380\" srcset=\"https:\/\/turc-export.fr\/wp-content\/uploads\/2022\/06\/j-1-1024x768.jpg 1024w, https:\/\/turc-export.fr\/wp-content\/uploads\/2022\/06\/j-1-300x225.jpg 300w, https:\/\/turc-export.fr\/wp-content\/uploads\/2022\/06\/j-1-768x576.jpg 768w, https:\/\/turc-export.fr\/wp-content\/uploads\/2022\/06\/j-1-1536x1152.jpg 1536w, https:\/\/turc-export.fr\/wp-content\/uploads\/2022\/06\/j-1-2048x1536.jpg 2048w\" sizes=\"auto, (max-width: 1024px) 100vw, 1024px\" \/><figcaption>Infrastructures internes<\/figcaption><\/figure>\n\n\n\n<figure class=\"wp-block-image size-large\"><img loading=\"lazy\" decoding=\"async\" width=\"1024\" height=\"768\" data-id=\"381\" src=\"https:\/\/turc-export.fr\/wp-content\/uploads\/2022\/06\/k-1-1024x768.jpg\" alt=\"Galerie photo : Infrastructures internes\" class=\"wp-image-381\" srcset=\"https:\/\/turc-export.fr\/wp-content\/uploads\/2022\/06\/k-1-1024x768.jpg 1024w, https:\/\/turc-export.fr\/wp-content\/uploads\/2022\/06\/k-1-300x225.jpg 300w, https:\/\/turc-export.fr\/wp-content\/uploads\/2022\/06\/k-1-768x576.jpg 768w, https:\/\/turc-export.fr\/wp-content\/uploads\/2022\/06\/k-1-1536x1152.jpg 1536w, https:\/\/turc-export.fr\/wp-content\/uploads\/2022\/06\/k-1-2048x1536.jpg 2048w\" sizes=\"auto, (max-width: 1024px) 100vw, 1024px\" \/><figcaption>Infrastructures internes<\/figcaption><\/figure>\n\n\n\n<figure class=\"wp-block-image size-large\"><img loading=\"lazy\" decoding=\"async\" width=\"1024\" height=\"768\" data-id=\"382\" src=\"https:\/\/turc-export.fr\/wp-content\/uploads\/2022\/06\/l-1-1024x768.jpg\" alt=\"Galerie photo : Infrastructures internes\" class=\"wp-image-382\" srcset=\"https:\/\/turc-export.fr\/wp-content\/uploads\/2022\/06\/l-1-1024x768.jpg 1024w, https:\/\/turc-export.fr\/wp-content\/uploads\/2022\/06\/l-1-300x225.jpg 300w, https:\/\/turc-export.fr\/wp-content\/uploads\/2022\/06\/l-1-768x576.jpg 768w, https:\/\/turc-export.fr\/wp-content\/uploads\/2022\/06\/l-1-1536x1152.jpg 1536w, https:\/\/turc-export.fr\/wp-content\/uploads\/2022\/06\/l-1-2048x1536.jpg 2048w\" sizes=\"auto, (max-width: 1024px) 100vw, 1024px\" \/><figcaption>Infrastructures internes<\/figcaption><\/figure>\n\n\n\n<figure class=\"wp-block-image size-large\"><img loading=\"lazy\" decoding=\"async\" width=\"1024\" height=\"768\" data-id=\"355\" src=\"https:\/\/turc-export.fr\/wp-content\/uploads\/2022\/06\/m-1024x768.jpg\" alt=\"Galerie photo : B\u00eates dans nos infrastructures internes\" class=\"wp-image-355\" srcset=\"https:\/\/turc-export.fr\/wp-content\/uploads\/2022\/06\/m-1024x768.jpg 1024w, https:\/\/turc-export.fr\/wp-content\/uploads\/2022\/06\/m-300x225.jpg 300w, https:\/\/turc-export.fr\/wp-content\/uploads\/2022\/06\/m-768x576.jpg 768w, https:\/\/turc-export.fr\/wp-content\/uploads\/2022\/06\/m.jpg 1080w\" sizes=\"auto, (max-width: 1024px) 100vw, 1024px\" \/><figcaption>B\u00eates dans nos infrastructures internes<\/figcaption><\/figure>\n\n\n\n<figure class=\"wp-block-image size-large\"><img loading=\"lazy\" decoding=\"async\" width=\"1024\" height=\"768\" data-id=\"383\" src=\"https:\/\/turc-export.fr\/wp-content\/uploads\/2022\/06\/n-1-1024x768.jpg\" alt=\"Galerie photo : Infrastructures internes\" class=\"wp-image-383\" srcset=\"https:\/\/turc-export.fr\/wp-content\/uploads\/2022\/06\/n-1-1024x768.jpg 1024w, https:\/\/turc-export.fr\/wp-content\/uploads\/2022\/06\/n-1-300x225.jpg 300w, https:\/\/turc-export.fr\/wp-content\/uploads\/2022\/06\/n-1-768x576.jpg 768w, https:\/\/turc-export.fr\/wp-content\/uploads\/2022\/06\/n-1-1536x1152.jpg 1536w, https:\/\/turc-export.fr\/wp-content\/uploads\/2022\/06\/n-1-2048x1536.jpg 2048w\" sizes=\"auto, (max-width: 1024px) 100vw, 1024px\" \/><figcaption>Infrastructures internes<\/figcaption><\/figure>\n\n\n\n<figure class=\"wp-block-image size-large\"><img loading=\"lazy\" decoding=\"async\" width=\"1024\" height=\"768\" data-id=\"384\" src=\"https:\/\/turc-export.fr\/wp-content\/uploads\/2022\/06\/o-1-1024x768.jpg\" alt=\"Galerie photo : Espaces ext\u00e9rieurs\" class=\"wp-image-384\" srcset=\"https:\/\/turc-export.fr\/wp-content\/uploads\/2022\/06\/o-1-1024x768.jpg 1024w, https:\/\/turc-export.fr\/wp-content\/uploads\/2022\/06\/o-1-300x225.jpg 300w, https:\/\/turc-export.fr\/wp-content\/uploads\/2022\/06\/o-1-768x576.jpg 768w, https:\/\/turc-export.fr\/wp-content\/uploads\/2022\/06\/o-1-1536x1152.jpg 1536w, https:\/\/turc-export.fr\/wp-content\/uploads\/2022\/06\/o-1-2048x1536.jpg 2048w\" sizes=\"auto, (max-width: 1024px) 100vw, 1024px\" \/><figcaption>Espaces ext\u00e9rieurs<\/figcaption><\/figure>\n\n\n\n<figure class=\"wp-block-image size-large\"><img loading=\"lazy\" decoding=\"async\" width=\"1024\" height=\"768\" data-id=\"385\" src=\"https:\/\/turc-export.fr\/wp-content\/uploads\/2022\/06\/p-1-1024x768.jpg\" alt=\"Galerie photo : Espaces ext\u00e9rieurs\" class=\"wp-image-385\" srcset=\"https:\/\/turc-export.fr\/wp-content\/uploads\/2022\/06\/p-1-1024x768.jpg 1024w, https:\/\/turc-export.fr\/wp-content\/uploads\/2022\/06\/p-1-300x225.jpg 300w, https:\/\/turc-export.fr\/wp-content\/uploads\/2022\/06\/p-1-768x576.jpg 768w, https:\/\/turc-export.fr\/wp-content\/uploads\/2022\/06\/p-1-1536x1152.jpg 1536w, https:\/\/turc-export.fr\/wp-content\/uploads\/2022\/06\/p-1-2048x1536.jpg 2048w\" sizes=\"auto, (max-width: 1024px) 100vw, 1024px\" \/><figcaption>Espaces ext\u00e9rieurs<\/figcaption><\/figure>\n\n\n\n<figure class=\"wp-block-image size-large\"><img loading=\"lazy\" decoding=\"async\" width=\"1024\" height=\"768\" data-id=\"369\" src=\"https:\/\/turc-export.fr\/wp-content\/uploads\/2022\/06\/q-1024x768.jpg\" alt=\"Galerie photo : Espaces ext\u00e9rieurs\" class=\"wp-image-369\" srcset=\"https:\/\/turc-export.fr\/wp-content\/uploads\/2022\/06\/q-1024x768.jpg 1024w, https:\/\/turc-export.fr\/wp-content\/uploads\/2022\/06\/q-300x225.jpg 300w, https:\/\/turc-export.fr\/wp-content\/uploads\/2022\/06\/q-768x576.jpg 768w, https:\/\/turc-export.fr\/wp-content\/uploads\/2022\/06\/q-1536x1152.jpg 1536w, https:\/\/turc-export.fr\/wp-content\/uploads\/2022\/06\/q-2048x1536.jpg 2048w\" sizes=\"auto, (max-width: 1024px) 100vw, 1024px\" \/><figcaption>Espaces ext\u00e9rieurs<\/figcaption><\/figure>\n\n\n\n<figure class=\"wp-block-image size-large\"><img loading=\"lazy\" decoding=\"async\" width=\"1024\" height=\"796\" data-id=\"356\" src=\"https:\/\/turc-export.fr\/wp-content\/uploads\/2022\/06\/r-1024x796.jpg\" alt=\"Galerie photo : Espaces ext\u00e9rieurs\" class=\"wp-image-356\" srcset=\"https:\/\/turc-export.fr\/wp-content\/uploads\/2022\/06\/r-1024x796.jpg 1024w, https:\/\/turc-export.fr\/wp-content\/uploads\/2022\/06\/r-300x233.jpg 300w, https:\/\/turc-export.fr\/wp-content\/uploads\/2022\/06\/r-768x597.jpg 768w, https:\/\/turc-export.fr\/wp-content\/uploads\/2022\/06\/r-1536x1193.jpg 1536w, https:\/\/turc-export.fr\/wp-content\/uploads\/2022\/06\/r-2048x1591.jpg 2048w\" sizes=\"auto, (max-width: 1024px) 100vw, 1024px\" \/><figcaption>Espaces ext\u00e9rieurs<\/figcaption><\/figure>\n<figcaption class=\"blocks-gallery-caption\"><em>Galerie de photos du site d&rsquo;Ambronay<\/em><\/figcaption><\/figure>\n<\/div><\/div>\n","protected":false},"excerpt":{"rendered":"","protected":false},"author":1,"featured_media":0,"parent":0,"menu_order":0,"comment_status":"closed","ping_status":"closed","template":"","meta":{"footnotes":""},"class_list":["post-235","page","type-page","status-publish","hentry"],"yoast_head":"<!-- This site is optimized with the Yoast SEO plugin v27.4 - https:\/\/yoast.com\/product\/yoast-seo-wordpress\/ -->\n<title>TURC EXPORT - Galerie Photo<\/title>\n<meta name=\"description\" content=\"TURC EXPORT poss\u00e8de des infrastructures de qualit\u00e9 et un site attractif gr\u00e2ce \u00e0 ses grands espaces ext\u00e9rieurs, voir la galerie photo.\" \/>\n<meta name=\"robots\" content=\"index, follow, max-snippet:-1, max-image-preview:large, max-video-preview:-1\" \/>\n<link rel=\"canonical\" href=\"https:\/\/turc-export.fr\/index.php\/galerie-photo\/\" \/>\n<meta property=\"og:locale\" content=\"fr_FR\" \/>\n<meta property=\"og:type\" content=\"article\" \/>\n<meta property=\"og:title\" content=\"TURC EXPORT - Galerie Photo\" \/>\n<meta property=\"og:description\" content=\"TURC EXPORT poss\u00e8de des infrastructures de qualit\u00e9 et un site attractif gr\u00e2ce \u00e0 ses grands espaces ext\u00e9rieurs, voir la galerie photo.\" \/>\n<meta property=\"og:url\" content=\"https:\/\/turc-export.fr\/index.php\/galerie-photo\/\" \/>\n<meta property=\"og:site_name\" content=\"TURC EXPORT\" \/>\n<meta property=\"article:modified_time\" content=\"2022-06-30T11:39:05+00:00\" \/>\n<meta property=\"og:image\" content=\"https:\/\/turc-export.fr\/wp-content\/uploads\/2022\/06\/a-1024x724.png\" \/>\n<meta name=\"twitter:card\" content=\"summary_large_image\" \/>\n<meta name=\"twitter:label1\" content=\"Dur\u00e9e de lecture estim\u00e9e\" \/>\n\t<meta name=\"twitter:data1\" content=\"4 minutes\" \/>\n<script type=\"application\/ld+json\" class=\"yoast-schema-graph\">{\"@context\":\"https:\\\/\\\/schema.org\",\"@graph\":[{\"@type\":[\"WebPage\",\"ItemPage\"],\"@id\":\"https:\\\/\\\/turc-export.fr\\\/index.php\\\/galerie-photo\\\/\",\"url\":\"https:\\\/\\\/turc-export.fr\\\/index.php\\\/galerie-photo\\\/\",\"name\":\"TURC EXPORT - Galerie Photo\",\"isPartOf\":{\"@id\":\"https:\\\/\\\/turc-export.fr\\\/#website\"},\"primaryImageOfPage\":{\"@id\":\"https:\\\/\\\/turc-export.fr\\\/index.php\\\/galerie-photo\\\/#primaryimage\"},\"image\":{\"@id\":\"https:\\\/\\\/turc-export.fr\\\/index.php\\\/galerie-photo\\\/#primaryimage\"},\"thumbnailUrl\":\"https:\\\/\\\/turc-export.fr\\\/wp-content\\\/uploads\\\/2022\\\/06\\\/a-1024x724.png\",\"datePublished\":\"2022-06-15T11:46:40+00:00\",\"dateModified\":\"2022-06-30T11:39:05+00:00\",\"description\":\"TURC EXPORT poss\u00e8de des infrastructures de qualit\u00e9 et un site attractif gr\u00e2ce \u00e0 ses grands espaces ext\u00e9rieurs, voir la galerie photo.\",\"breadcrumb\":{\"@id\":\"https:\\\/\\\/turc-export.fr\\\/index.php\\\/galerie-photo\\\/#breadcrumb\"},\"inLanguage\":\"fr-FR\",\"potentialAction\":[{\"@type\":\"ReadAction\",\"target\":[\"https:\\\/\\\/turc-export.fr\\\/index.php\\\/galerie-photo\\\/\"]}]},{\"@type\":\"ImageObject\",\"inLanguage\":\"fr-FR\",\"@id\":\"https:\\\/\\\/turc-export.fr\\\/index.php\\\/galerie-photo\\\/#primaryimage\",\"url\":\"https:\\\/\\\/turc-export.fr\\\/wp-content\\\/uploads\\\/2022\\\/06\\\/a.png\",\"contentUrl\":\"https:\\\/\\\/turc-export.fr\\\/wp-content\\\/uploads\\\/2022\\\/06\\\/a.png\",\"width\":2245,\"height\":1587,\"caption\":\"Galerie photo : Fa\u00e7ade du site d'Ambronay\"},{\"@type\":\"BreadcrumbList\",\"@id\":\"https:\\\/\\\/turc-export.fr\\\/index.php\\\/galerie-photo\\\/#breadcrumb\",\"itemListElement\":[{\"@type\":\"ListItem\",\"position\":1,\"name\":\"Accueil\",\"item\":\"https:\\\/\\\/turc-export.fr\\\/\"},{\"@type\":\"ListItem\",\"position\":2,\"name\":\"Galerie Photo\"}]},{\"@type\":\"WebSite\",\"@id\":\"https:\\\/\\\/turc-export.fr\\\/#website\",\"url\":\"https:\\\/\\\/turc-export.fr\\\/\",\"name\":\"TURC EXPORT\",\"description\":\"\",\"publisher\":{\"@id\":\"https:\\\/\\\/turc-export.fr\\\/#organization\"},\"potentialAction\":[{\"@type\":\"SearchAction\",\"target\":{\"@type\":\"EntryPoint\",\"urlTemplate\":\"https:\\\/\\\/turc-export.fr\\\/?s={search_term_string}\"},\"query-input\":{\"@type\":\"PropertyValueSpecification\",\"valueRequired\":true,\"valueName\":\"search_term_string\"}}],\"inLanguage\":\"fr-FR\"},{\"@type\":\"Organization\",\"@id\":\"https:\\\/\\\/turc-export.fr\\\/#organization\",\"name\":\"SARL TURC EXPORT\",\"url\":\"https:\\\/\\\/turc-export.fr\\\/\",\"logo\":{\"@type\":\"ImageObject\",\"inLanguage\":\"fr-FR\",\"@id\":\"https:\\\/\\\/turc-export.fr\\\/#\\\/schema\\\/logo\\\/image\\\/\",\"url\":\"https:\\\/\\\/turc-export.fr\\\/wp-content\\\/uploads\\\/2022\\\/06\\\/Logo-1.png\",\"contentUrl\":\"https:\\\/\\\/turc-export.fr\\\/wp-content\\\/uploads\\\/2022\\\/06\\\/Logo-1.png\",\"width\":574,\"height\":574,\"caption\":\"SARL TURC EXPORT\"},\"image\":{\"@id\":\"https:\\\/\\\/turc-export.fr\\\/#\\\/schema\\\/logo\\\/image\\\/\"}}]}<\/script>\n<!-- \/ Yoast SEO plugin. -->","yoast_head_json":{"title":"TURC EXPORT - Galerie Photo","description":"TURC EXPORT poss\u00e8de des infrastructures de qualit\u00e9 et un site attractif gr\u00e2ce \u00e0 ses grands espaces ext\u00e9rieurs, voir la galerie photo.","robots":{"index":"index","follow":"follow","max-snippet":"max-snippet:-1","max-image-preview":"max-image-preview:large","max-video-preview":"max-video-preview:-1"},"canonical":"https:\/\/turc-export.fr\/index.php\/galerie-photo\/","og_locale":"fr_FR","og_type":"article","og_title":"TURC EXPORT - Galerie Photo","og_description":"TURC EXPORT poss\u00e8de des infrastructures de qualit\u00e9 et un site attractif gr\u00e2ce \u00e0 ses grands espaces ext\u00e9rieurs, voir la galerie photo.","og_url":"https:\/\/turc-export.fr\/index.php\/galerie-photo\/","og_site_name":"TURC EXPORT","article_modified_time":"2022-06-30T11:39:05+00:00","og_image":[{"url":"https:\/\/turc-export.fr\/wp-content\/uploads\/2022\/06\/a-1024x724.png","type":"","width":"","height":""}],"twitter_card":"summary_large_image","twitter_misc":{"Dur\u00e9e de lecture estim\u00e9e":"4 minutes"},"schema":{"@context":"https:\/\/schema.org","@graph":[{"@type":["WebPage","ItemPage"],"@id":"https:\/\/turc-export.fr\/index.php\/galerie-photo\/","url":"https:\/\/turc-export.fr\/index.php\/galerie-photo\/","name":"TURC EXPORT - Galerie Photo","isPartOf":{"@id":"https:\/\/turc-export.fr\/#website"},"primaryImageOfPage":{"@id":"https:\/\/turc-export.fr\/index.php\/galerie-photo\/#primaryimage"},"image":{"@id":"https:\/\/turc-export.fr\/index.php\/galerie-photo\/#primaryimage"},"thumbnailUrl":"https:\/\/turc-export.fr\/wp-content\/uploads\/2022\/06\/a-1024x724.png","datePublished":"2022-06-15T11:46:40+00:00","dateModified":"2022-06-30T11:39:05+00:00","description":"TURC EXPORT poss\u00e8de des infrastructures de qualit\u00e9 et un site attractif gr\u00e2ce \u00e0 ses grands espaces ext\u00e9rieurs, voir la galerie photo.","breadcrumb":{"@id":"https:\/\/turc-export.fr\/index.php\/galerie-photo\/#breadcrumb"},"inLanguage":"fr-FR","potentialAction":[{"@type":"ReadAction","target":["https:\/\/turc-export.fr\/index.php\/galerie-photo\/"]}]},{"@type":"ImageObject","inLanguage":"fr-FR","@id":"https:\/\/turc-export.fr\/index.php\/galerie-photo\/#primaryimage","url":"https:\/\/turc-export.fr\/wp-content\/uploads\/2022\/06\/a.png","contentUrl":"https:\/\/turc-export.fr\/wp-content\/uploads\/2022\/06\/a.png","width":2245,"height":1587,"caption":"Galerie photo : Fa\u00e7ade du site d'Ambronay"},{"@type":"BreadcrumbList","@id":"https:\/\/turc-export.fr\/index.php\/galerie-photo\/#breadcrumb","itemListElement":[{"@type":"ListItem","position":1,"name":"Accueil","item":"https:\/\/turc-export.fr\/"},{"@type":"ListItem","position":2,"name":"Galerie Photo"}]},{"@type":"WebSite","@id":"https:\/\/turc-export.fr\/#website","url":"https:\/\/turc-export.fr\/","name":"TURC EXPORT","description":"","publisher":{"@id":"https:\/\/turc-export.fr\/#organization"},"potentialAction":[{"@type":"SearchAction","target":{"@type":"EntryPoint","urlTemplate":"https:\/\/turc-export.fr\/?s={search_term_string}"},"query-input":{"@type":"PropertyValueSpecification","valueRequired":true,"valueName":"search_term_string"}}],"inLanguage":"fr-FR"},{"@type":"Organization","@id":"https:\/\/turc-export.fr\/#organization","name":"SARL TURC EXPORT","url":"https:\/\/turc-export.fr\/","logo":{"@type":"ImageObject","inLanguage":"fr-FR","@id":"https:\/\/turc-export.fr\/#\/schema\/logo\/image\/","url":"https:\/\/turc-export.fr\/wp-content\/uploads\/2022\/06\/Logo-1.png","contentUrl":"https:\/\/turc-export.fr\/wp-content\/uploads\/2022\/06\/Logo-1.png","width":574,"height":574,"caption":"SARL TURC EXPORT"},"image":{"@id":"https:\/\/turc-export.fr\/#\/schema\/logo\/image\/"}}]}},"_links":{"self":[{"href":"https:\/\/turc-export.fr\/index.php\/wp-json\/wp\/v2\/pages\/235","targetHints":{"allow":["GET"]}}],"collection":[{"href":"https:\/\/turc-export.fr\/index.php\/wp-json\/wp\/v2\/pages"}],"about":[{"href":"https:\/\/turc-export.fr\/index.php\/wp-json\/wp\/v2\/types\/page"}],"author":[{"embeddable":true,"href":"https:\/\/turc-export.fr\/index.php\/wp-json\/wp\/v2\/users\/1"}],"replies":[{"embeddable":true,"href":"https:\/\/turc-export.fr\/index.php\/wp-json\/wp\/v2\/comments?post=235"}],"version-history":[{"count":11,"href":"https:\/\/turc-export.fr\/index.php\/wp-json\/wp\/v2\/pages\/235\/revisions"}],"predecessor-version":[{"id":616,"href":"https:\/\/turc-export.fr\/index.php\/wp-json\/wp\/v2\/pages\/235\/revisions\/616"}],"wp:attachment":[{"href":"https:\/\/turc-export.fr\/index.php\/wp-json\/wp\/v2\/media?parent=235"}],"curies":[{"name":"wp","href":"https:\/\/api.w.org\/{rel}","templated":true}]}}